{"id":1950,"date":"2024-06-26T18:19:27","date_gmt":"2024-06-26T16:19:27","guid":{"rendered":"https:\/\/guingamp-badminton.fr\/?page_id=1950"},"modified":"2025-12-11T15:22:40","modified_gmt":"2025-12-11T14:22:40","slug":"guingamp-bad-tour","status":"publish","type":"page","link":"https:\/\/guingamp-badminton.fr\/index.php\/guingamp-bad-tour\/","title":{"rendered":"Guingamp Bad Tour"},"content":{"rendered":"<p><div class=\"fusion-fullwidth fullwidth-box fusion-builder-row-1 fusion-flex-container nonhundred-percent-fullwidth non-hundred-percent-height-scrolling\" style=\"--awb-border-radius-top-left:0px;--awb-border-radius-top-right:0px;--awb-border-radius-bottom-right:0px;--awb-border-radius-bottom-left:0px;--awb-padding-top:100px;--awb-padding-bottom:50px;--awb-background-color:#060607;--awb-flex-wrap:wrap;\" ><div class=\"fusion-builder-row fusion-row fusion-flex-align-items-flex-start fusion-flex-content-wrap\" style=\"max-width:1216.8px;margin-left: calc(-4% \/ 2 );margin-right: calc(-4% \/ 2 );\"><div class=\"fusion-layout-column fusion_builder_column fusion-builder-column-0 fusion_builder_column_1_1 1_1 fusion-flex-column\" style=\"--awb-bg-size:cover;--awb-width-large:100%;--awb-margin-top-large:0px;--awb-spacing-right-large:1.92%;--awb-margin-bottom-large:20px;--awb-spacing-left-large:1.92%;--awb-width-medium:100%;--awb-spacing-right-medium:1.92%;--awb-spacing-left-medium:1.92%;--awb-width-small:100%;--awb-spacing-right-small:1.92%;--awb-spacing-left-small:1.92%;\"><div class=\"fusion-column-wrapper fusion-column-has-shadow fusion-flex-justify-content-flex-start fusion-content-layout-column\"><div class=\"fusion-title title fusion-title-1 fusion-sep-none fusion-title-center fusion-title-text fusion-title-size-three\" style=\"--awb-text-color:#ffffff;--awb-margin-top-small:0px;--awb-margin-bottom-small:20px;\"><h3 class=\"fusion-title-heading title-heading-center fusion-responsive-typography-calculated\" style=\"margin:0;--fontSize:22;--minFontSize:22;line-height:2.27;\"><p style=\"text-align: center; background: #3080C7;\"><span style=\"color: #ffffff; text-shadow: 2px 2px 0px #000000;\"><strong>\u00c9DITION 2025 :<\/strong><\/span><\/p><\/h3><\/div><\/div><\/div><div class=\"fusion-layout-column fusion_builder_column fusion-builder-column-1 fusion_builder_column_1_1 1_1 fusion-flex-column\" style=\"--awb-bg-size:cover;--awb-width-large:100%;--awb-margin-top-large:0px;--awb-spacing-right-large:1.92%;--awb-margin-bottom-large:20px;--awb-spacing-left-large:1.92%;--awb-width-medium:100%;--awb-spacing-right-medium:1.92%;--awb-spacing-left-medium:1.92%;--awb-width-small:100%;--awb-spacing-right-small:1.92%;--awb-spacing-left-small:1.92%;\"><div class=\"fusion-column-wrapper fusion-column-has-shadow fusion-flex-justify-content-flex-start fusion-content-layout-column\"><div class=\"fusion-separator fusion-full-width-sep\" style=\"align-self: center;margin-left: auto;margin-right: auto;width:100%;\"><\/div><\/div><\/div><div class=\"fusion-layout-column fusion_builder_column fusion-builder-column-2 fusion_builder_column_1_1 1_1 fusion-flex-column\" style=\"--awb-bg-size:cover;--awb-width-large:100%;--awb-margin-top-large:0px;--awb-spacing-right-large:1.92%;--awb-margin-bottom-large:20px;--awb-spacing-left-large:1.92%;--awb-width-medium:100%;--awb-spacing-right-medium:1.92%;--awb-spacing-left-medium:1.92%;--awb-width-small:100%;--awb-spacing-right-small:1.92%;--awb-spacing-left-small:1.92%;\"><div class=\"fusion-column-wrapper fusion-column-has-shadow fusion-flex-justify-content-flex-start fusion-content-layout-column\"><div class=\"fusion-text fusion-text-1\"><p>La seconde \u00e9dition de notre tournoi s&rsquo;est d\u00e9roul\u00e9e le WE du 11 et 12 octobre 2025. 163 joueur.euses \u00e9taient pr\u00e9sent.e.s pour du simple &amp; mixte le samedi et du double le dimanche.<\/p>\n<p>Place aux remerciements pour cette \u00e9dition :<\/p>\n<p>Merci \u00e0 Stanislas Raud, juge arbitre, qui a \u00e9t\u00e9 d&rsquo;une aide pr\u00e9cieuse pour M\u00e9lodie, dont c&rsquo;\u00e9tait une premi\u00e8re en tant que GEO.<\/p>\n<p>Guingamp Paimpol Agglom\u00e9ration et la ville de Guingamp pour la mise \u00e0 disposition de la salle et du mat\u00e9riel.<\/p>\n<p>Le pr\u00e9sident du club qui ne m\u00e9nage pas ses efforts pour motiver ses troupes : Benjamin Clidi.<\/p>\n<p>Les GEO du tournoi : M\u00e9lodie Moulli\u00e8re avec pour la seconder : Ninon Bouget.<\/p>\n<p>Les joueurs.euses pr\u00e9sent.e.s dont nous avons reconnu certain.e.s d\u00e9j\u00e0 pr\u00e9sent.e.s l&rsquo;an dernier. Merci pour votre confiance. Et promis : on vous pr\u00e9parera + de paninis pour la 3\u00e8me \u00e9dition ! \ud83d\ude4f<\/p>\n<p>Les b\u00e9n\u00e9voles !!! Avant, pendant et apr\u00e8s. Et sans qui cet \u00e9v\u00e8nement ne tiendrait pas la route. \ud83d\udcaa<\/p>\n<p>Le club de basket pour avoir accept\u00e9 de d\u00e9caler leur cr\u00e9neaux pour qu&rsquo;on puisse installer plus t\u00f4t notre mat\u00e9riel. \ud83d\udc4d<\/p>\n<p>Un <strong>\u00c9NORME MERCI<\/strong> \u00e0 ces entreprises pour les lots de la tombola :<\/p>\n<p>Le fleuriste M\u00e9l\u00e9der Fleurs \u00e0 Guingamp \u00a0<a href=\"https:\/\/www.melederfleurs.fr\/\" target=\"_blank\" rel=\"noopener\">https:\/\/www.melederfleurs.fr<\/a><br \/>\nL&rsquo;entreprise de cosm\u00e9tiques Endro \u00e0 Lannion \u00a0<a href=\"https:\/\/www.endro-cosmetiques.com\" target=\"_blank\" rel=\"noopener\">https:\/\/www.endro-cosmetiques.com<\/a><br \/>\nLa Biocoop \u00e0 Saint-Agathon \u00a0<a href=\"https:\/\/guingamp.biocoop.net\/\" target=\"_blank\" rel=\"noopener\">https:\/\/guingamp.biocoop.net<\/a><br \/>\nLa chocolaterie 105 Degr\u00e9s \u00e0 Pontrieux \u00a0<a href=\"https:\/\/www.facebook.com\/105degres\" target=\"_blank\" rel=\"noopener\">https:\/\/www.facebook.com\/105degres<\/a><br \/>\nLa poterie L&rsquo;Atelier Khnoum \u00e0 Pontrieux \u00a0<a href=\"https:\/\/www.khnoum.com\/fr\/\" target=\"_blank\" rel=\"noopener\">https:\/\/www.khnoum.com\/fr\/<\/a><br \/>\nLa cave \u00e0 vin Etablissements Billet \u00e0 Pontrieux \u00a0<a href=\"https:\/\/www.ets-billet.fr\/\" target=\"_blank\" rel=\"noopener\">https:\/\/www.ets-billet.fr<\/a><br \/>\nLa confiserie Candy Shop \u00e0 Guingamp \u00a0<a href=\"https:\/\/www.facebook.com\/thecandyshopguingamp\" target=\"_blank\" rel=\"noopener\">https:\/\/www.facebook.com\/thecandyshopguingamp<\/a><br \/>\nLe magasin de surgel\u00e9s Ecomiam \u00e0 Ploumagoar \u00a0<a href=\"https:\/\/www.facebook.com\/ecomiamGuingamp\/\" target=\"_blank\" rel=\"noopener\">https:\/\/www.facebook.com\/ecomiamGuingamp<\/a><br \/>\nLa cave \u00e0 vin et bar Le V&rsquo;n&rsquo;B \u00e0 Guingamp \u00a0<a href=\"https:\/\/www.facebook.com\/VandBGuingamp\" target=\"_blank\" rel=\"noopener\">https:\/\/www.facebook.com\/VandBGuingamp<\/a><br \/>\nLa cr\u00eaperie H\u00e9l\u00e8ne et Jules \u00a0<a href=\"https:\/\/www.facebook.com\/p\/Les-cr%C3%AApes-dH%C3%A9l%C3%A8ne-Jules-100063815550015\" target=\"_blank\" rel=\"noopener\">https:\/\/www.facebook.com\/p\/Les-cr\u00eapes-dH\u00e9l\u00e8ne-Jules-100063815550015<\/a><br \/>\nLe magasin de jouets Jou\u00e9Club \u00e0 Ploumagoar \u00a0<a href=\"https:\/\/www.facebook.com\/joueclubguingamp\" target=\"_blank\" rel=\"noopener\">https:\/\/www.facebook.com\/joueclubguingamp<\/a><br \/>\nLe cin\u00e9ma Les Korrigans \u00e0 Guingamp \u00a0<a href=\"https:\/\/www.facebook.com\/cinemaleskorrigans\/\" target=\"_blank\" rel=\"noopener\">https:\/\/www.facebook.com\/cinemaleskorrigans<\/a><br \/>\nLe club de foot EAG \u00a0<a href=\"https:\/\/www.eaguingamp.com\/\" target=\"_blank\" rel=\"noopener\">https:\/\/www.eaguingamp.com<\/a><br \/>\nL&rsquo;entreprise de plomberie-chauffagerie Longeard \u00e0 Pabu \u00a0<a href=\"https:\/\/www.plomberie-chauffage-guingamp.fr\/\" target=\"_blank\" rel=\"noopener\">https:\/\/www.plomberie-chauffage-guingamp.fr<\/a><br \/>\nLa librairie Mots &amp; Images \u00e0 Guingamp \u00a0<a href=\"https:\/\/www.motsetimages.fr\/\" target=\"_blank\" rel=\"noopener\">https:\/\/www.motsetimages.fr<\/a><br \/>\nLa boite d&rsquo;int\u00e9rim Interaction \u00e0 Guingamp \u00a0<a href=\"https:\/\/www.facebook.com\/InteractionInterimGuingamp\" target=\"_blank\" rel=\"noopener\">https:\/\/www.facebook.com\/InteractionInterimGuingamp<\/a><br \/>\nL&rsquo;apiculteur Jean-Baptiste Lerede \u00e0 Plouisy \u00a0<a href=\"https:\/\/www.tylocal.bzh\/nos-producteurs\/\" target=\"_blank\" rel=\"noopener\">https:\/\/www.tylocal.bzh\/nos-producteurs\/<\/a><\/p>\n<p>Notre partenaire sportif : Larde Sports.<\/p>\n<p>Notre partenaire commercial : Carrefour Guingamp.<\/p>\n<p>Retrouvez ci-dessous l&rsquo;affiche du tournoi et un diaporama de cette seconde \u00e9dition :<\/p>\n<\/div><\/div><\/div><div class=\"fusion-layout-column fusion_builder_column fusion-builder-column-3 fusion_builder_column_1_1 1_1 fusion-flex-column\" style=\"--awb-bg-size:cover;--awb-width-large:100%;--awb-margin-top-large:0px;--awb-spacing-right-large:1.92%;--awb-margin-bottom-large:20px;--awb-spacing-left-large:1.92%;--awb-width-medium:100%;--awb-spacing-right-medium:1.92%;--awb-spacing-left-medium:1.92%;--awb-width-small:100%;--awb-spacing-right-small:1.92%;--awb-spacing-left-small:1.92%;\"><div class=\"fusion-column-wrapper fusion-column-has-shadow fusion-flex-justify-content-flex-start fusion-content-layout-column\"><div class=\"fusion-separator fusion-full-width-sep\" style=\"align-self: center;margin-left: auto;margin-right: auto;width:100%;\"><\/div><\/div><\/div><div class=\"fusion-layout-column fusion_builder_column fusion-builder-column-4 fusion_builder_column_1_3 1_3 fusion-flex-column\" style=\"--awb-bg-size:cover;--awb-width-large:33.333333333333%;--awb-margin-top-large:0px;--awb-spacing-right-large:5.76%;--awb-margin-bottom-large:20px;--awb-spacing-left-large:5.76%;--awb-width-medium:33.333333333333%;--awb-spacing-right-medium:5.76%;--awb-spacing-left-medium:5.76%;--awb-width-small:100%;--awb-spacing-right-small:1.92%;--awb-spacing-left-small:1.92%;\"><div class=\"fusion-column-wrapper fusion-column-has-shadow fusion-flex-justify-content-flex-start fusion-content-layout-column\"><div class=\"fusion-image-element \" style=\"--awb-liftup-border-radius:0px;--awb-caption-title-font-family:var(--h2_typography-font-family);--awb-caption-title-font-weight:var(--h2_typography-font-weight);--awb-caption-title-font-style:var(--h2_typography-font-style);--awb-caption-title-size:var(--h2_typography-font-size);--awb-caption-title-transform:var(--h2_typography-text-transform);--awb-caption-title-line-height:var(--h2_typography-line-height);--awb-caption-title-letter-spacing:var(--h2_typography-letter-spacing);\"><div class=\"awb-image-frame awb-image-frame-1 imageframe-liftup\"><span class=\" fusion-imageframe imageframe-none imageframe-1\"><a href=\"https:\/\/guingamp-badminton.fr\/wp-content\/uploads\/2025\/09\/site-affiche-GBT2025.jpg\" class=\"fusion-lightbox\" data-rel=\"iLightbox[d8c0ce2030b1d0a5ad0]\" data-title=\"Guingamp Bad Tour 2\" title=\"L&rsquo;affiche 2025\"><img decoding=\"async\" width=\"200\" height=\"283\" src=\"https:\/\/guingamp-badminton.fr\/wp-content\/uploads\/2025\/09\/site-affiche-GBT2025-mini.jpg\" alt class=\"img-responsive wp-image-2452\"\/><\/a><\/span><\/div><\/div><\/div><\/div><div class=\"fusion-layout-column fusion_builder_column fusion-builder-column-5 fusion_builder_column_2_3 2_3 fusion-flex-column\" style=\"--awb-bg-size:cover;--awb-width-large:66.666666666667%;--awb-margin-top-large:0px;--awb-spacing-right-large:2.88%;--awb-margin-bottom-large:20px;--awb-spacing-left-large:2.88%;--awb-width-medium:66.666666666667%;--awb-spacing-right-medium:2.88%;--awb-spacing-left-medium:2.88%;--awb-width-small:100%;--awb-spacing-right-small:1.92%;--awb-spacing-left-small:1.92%;\"><div class=\"fusion-column-wrapper fusion-column-has-shadow fusion-flex-justify-content-flex-start fusion-content-layout-column\"><div class=\"fusion-video fusion-youtube\" style=\"--awb-max-width:600px;--awb-max-height:350px;--awb-align-self:center;--awb-width:100%;\"><div class=\"video-shortcode\"><div class=\"fluid-width-video-wrapper\" style=\"padding-top:58.33%;\" ><iframe title=\"YouTube video player 1\" src=\"https:\/\/www.youtube.com\/embed\/koGIcM-Tmb8?wmode=transparent&autoplay=0\" width=\"600\" height=\"350\" allowfullscreen allow=\"autoplay; clipboard-write; encrypted-media; gyroscope; picture-in-picture;\"><\/iframe><\/div><\/div><\/div><\/div><\/div><\/div><\/div><div class=\"fusion-fullwidth fullwidth-box fusion-builder-row-2 fusion-flex-container nonhundred-percent-fullwidth non-hundred-percent-height-scrolling\" style=\"--awb-border-radius-top-left:0px;--awb-border-radius-top-right:0px;--awb-border-radius-bottom-right:0px;--awb-border-radius-bottom-left:0px;--awb-padding-top:50px;--awb-padding-bottom:50px;--awb-background-color:#060607;--awb-flex-wrap:wrap;\" ><div class=\"fusion-builder-row fusion-row fusion-flex-align-items-flex-start fusion-flex-content-wrap\" style=\"max-width:1216.8px;margin-left: calc(-4% \/ 2 );margin-right: calc(-4% \/ 2 );\"><div class=\"fusion-layout-column fusion_builder_column fusion-builder-column-6 fusion_builder_column_1_1 1_1 fusion-flex-column\" style=\"--awb-bg-size:cover;--awb-width-large:100%;--awb-margin-top-large:0px;--awb-spacing-right-large:1.92%;--awb-margin-bottom-large:20px;--awb-spacing-left-large:1.92%;--awb-width-medium:100%;--awb-spacing-right-medium:1.92%;--awb-spacing-left-medium:1.92%;--awb-width-small:100%;--awb-spacing-right-small:1.92%;--awb-spacing-left-small:1.92%;\"><div class=\"fusion-column-wrapper fusion-column-has-shadow fusion-flex-justify-content-flex-start fusion-content-layout-column\"><div class=\"fusion-title title fusion-title-2 fusion-sep-none fusion-title-center fusion-title-text fusion-title-size-three\" style=\"--awb-text-color:#ffffff;--awb-margin-top-small:0px;--awb-margin-bottom-small:20px;\"><h3 class=\"fusion-title-heading title-heading-center fusion-responsive-typography-calculated\" style=\"margin:0;--fontSize:22;--minFontSize:22;line-height:2.27;\"><p style=\"text-align: center; background: #3080C7;\"><span style=\"color: #ffffff; text-shadow: 2px 2px 0px #000000;\"><strong>\u00c9DITION 2024 :<\/strong><\/span><\/p><\/h3><\/div><\/div><\/div><div class=\"fusion-layout-column fusion_builder_column fusion-builder-column-7 fusion_builder_column_1_1 1_1 fusion-flex-column\" style=\"--awb-bg-size:cover;--awb-width-large:100%;--awb-margin-top-large:0px;--awb-spacing-right-large:1.92%;--awb-margin-bottom-large:20px;--awb-spacing-left-large:1.92%;--awb-width-medium:100%;--awb-spacing-right-medium:1.92%;--awb-spacing-left-medium:1.92%;--awb-width-small:100%;--awb-spacing-right-small:1.92%;--awb-spacing-left-small:1.92%;\"><div class=\"fusion-column-wrapper fusion-column-has-shadow fusion-flex-justify-content-flex-start fusion-content-layout-column\"><div class=\"fusion-separator fusion-full-width-sep\" style=\"align-self: center;margin-left: auto;margin-right: auto;width:100%;\"><\/div><\/div><\/div><div class=\"fusion-layout-column fusion_builder_column fusion-builder-column-8 fusion_builder_column_1_1 1_1 fusion-flex-column\" style=\"--awb-bg-size:cover;--awb-width-large:100%;--awb-margin-top-large:0px;--awb-spacing-right-large:1.92%;--awb-margin-bottom-large:20px;--awb-spacing-left-large:1.92%;--awb-width-medium:100%;--awb-spacing-right-medium:1.92%;--awb-spacing-left-medium:1.92%;--awb-width-small:100%;--awb-spacing-right-small:1.92%;--awb-spacing-left-small:1.92%;\"><div class=\"fusion-column-wrapper fusion-column-has-shadow fusion-flex-justify-content-flex-start fusion-content-layout-column\"><div class=\"fusion-text fusion-text-2\"><p>Les 12 &amp; 13 octobre 2024, nous avons organis\u00e9 notre 1er tournoi officiel. 225 comp\u00e9titeurs.trices se sont affront\u00e9.e.s en simple + mixte le samedi et en double le dimanche.<\/p>\n<p>Concernant les remerciements personnalis\u00e9s :<\/p>\n<p>\u2022 Merci \u00e0 S\u00e9bastien Le Clainche, juge arbitre, sur qui nous avons pu compter avant et pendant ces 2 jours.<br \/>\n\u2022 Merci \u00e0 Ninon Bouget, non seulement notre Geo mais aussi co-organisatrice du tournoi en compagnie de M\u00e9lodie Moulli\u00e8re et Goulven Brigant.<br \/>\n\u2022 La Ligue de Bretagne et le CODEP 22 avec notamment un de ses repr\u00e9sentants : R\u00e9gis Herv\u00e9.<br \/>\n\u2022 Un grand merci \u00e9galement \u00e0 tous nos sponsors ! Vos soutiens, financiers et\/ou mat\u00e9riels, ont \u00e9t\u00e9 d\u2019une aide pr\u00e9cieuse. Citons dans le d\u00e9tail :<br \/>\n\u2013 L\u2019Atelier d\u2019Alexandrine<br \/>\n\u2013 Le V\u2019n\u2019B de Guingamp<br \/>\n\u2013 Moisan &amp; Fils<br \/>\n\u2013 Longeard &amp; Fils<br \/>\n\u2013 Le B\u00e9gard<br \/>\n\u2013 Point Vert<br \/>\n\u2013 Pasquiet Chocolaterie<br \/>\n\u2022 Notre partenaire sportif Larde Sports (qui a sauv\u00e9 quelques joueurs.euses gr\u00e2ce \u00e0 des cordages express).<br \/>\n\u2022 L\u2019hypermarch\u00e9 Carrefour de Guingamp.<br \/>\n\u2022 L&rsquo;entreprise Altho (les chips Bret&rsquo;s).<br \/>\n\u2022 Guingamp Paimpol Agglom\u00e9ration et la ville de Guingamp pour la mise \u00e0 disposition de la salle et du mat\u00e9riel.<br \/>\n\u2022 Toutes les communes ayant bien voulu subventionner le club (Guingamp, Saint-Agathon, Plouisy, Ploumagoar, Gr\u00e2ces, Pabu, Louargat, Tr\u00e9gonneau et Goudelin).<br \/>\n\u2022 Les comp\u00e9titeurs.trices qui sont parfois venu.e.s de tr\u00e8s loin pour leur pr\u00e9sence \u00e0 cette 1\u00e8re \u00e9dition.<\/p>\n<p>Retrouvez ci-dessous l&rsquo;affiche du tournoi et une petite vid\u00e9o \u00ab\u00a0r\u00e9cap\u00a0\u00bb de cet \u00e9v\u00e8nement :<\/p>\n<\/div><\/div><\/div><div class=\"fusion-layout-column fusion_builder_column fusion-builder-column-9 fusion_builder_column_1_1 1_1 fusion-flex-column\" style=\"--awb-bg-size:cover;--awb-width-large:100%;--awb-margin-top-large:0px;--awb-spacing-right-large:1.92%;--awb-margin-bottom-large:20px;--awb-spacing-left-large:1.92%;--awb-width-medium:100%;--awb-spacing-right-medium:1.92%;--awb-spacing-left-medium:1.92%;--awb-width-small:100%;--awb-spacing-right-small:1.92%;--awb-spacing-left-small:1.92%;\"><div class=\"fusion-column-wrapper fusion-column-has-shadow fusion-flex-justify-content-flex-start fusion-content-layout-column\"><div class=\"fusion-separator fusion-full-width-sep\" style=\"align-self: center;margin-left: auto;margin-right: auto;width:100%;\"><\/div><\/div><\/div><div class=\"fusion-layout-column fusion_builder_column fusion-builder-column-10 fusion_builder_column_1_3 1_3 fusion-flex-column\" style=\"--awb-bg-size:cover;--awb-width-large:33.333333333333%;--awb-margin-top-large:0px;--awb-spacing-right-large:5.76%;--awb-margin-bottom-large:20px;--awb-spacing-left-large:5.76%;--awb-width-medium:33.333333333333%;--awb-spacing-right-medium:5.76%;--awb-spacing-left-medium:5.76%;--awb-width-small:100%;--awb-spacing-right-small:1.92%;--awb-spacing-left-small:1.92%;\"><div class=\"fusion-column-wrapper fusion-column-has-shadow fusion-flex-justify-content-flex-start fusion-content-layout-column\"><div class=\"fusion-image-element \" style=\"--awb-liftup-border-radius:0px;--awb-caption-title-font-family:var(--h2_typography-font-family);--awb-caption-title-font-weight:var(--h2_typography-font-weight);--awb-caption-title-font-style:var(--h2_typography-font-style);--awb-caption-title-size:var(--h2_typography-font-size);--awb-caption-title-transform:var(--h2_typography-text-transform);--awb-caption-title-line-height:var(--h2_typography-line-height);--awb-caption-title-letter-spacing:var(--h2_typography-letter-spacing);\"><div class=\"awb-image-frame awb-image-frame-2 imageframe-liftup\"><span class=\" fusion-imageframe imageframe-none imageframe-2\"><a href=\"https:\/\/guingamp-badminton.fr\/wp-content\/uploads\/2024\/08\/site-affiche-GBT2024.jpg\" class=\"fusion-lightbox\" data-rel=\"iLightbox[bf12e21a801376c8930]\" data-title=\"Guingamp Bad Tour\" title=\"L&rsquo;affiche 2024\"><img decoding=\"async\" width=\"200\" height=\"283\" src=\"https:\/\/guingamp-badminton.fr\/wp-content\/uploads\/2024\/11\/site-affiche-GBT2024-mini.jpg\" alt class=\"img-responsive wp-image-2179\"\/><\/a><\/span><\/div><\/div><\/div><\/div><div class=\"fusion-layout-column fusion_builder_column fusion-builder-column-11 fusion_builder_column_2_3 2_3 fusion-flex-column\" style=\"--awb-bg-size:cover;--awb-width-large:66.666666666667%;--awb-margin-top-large:0px;--awb-spacing-right-large:2.88%;--awb-margin-bottom-large:20px;--awb-spacing-left-large:2.88%;--awb-width-medium:66.666666666667%;--awb-spacing-right-medium:2.88%;--awb-spacing-left-medium:2.88%;--awb-width-small:100%;--awb-spacing-right-small:1.92%;--awb-spacing-left-small:1.92%;\"><div class=\"fusion-column-wrapper fusion-column-has-shadow fusion-flex-justify-content-flex-start fusion-content-layout-column\"><div class=\"fusion-video fusion-youtube\" style=\"--awb-max-width:600px;--awb-max-height:350px;--awb-align-self:center;--awb-width:100%;\"><div class=\"video-shortcode\"><div class=\"fluid-width-video-wrapper\" style=\"padding-top:58.33%;\" ><iframe title=\"YouTube video player 2\" src=\"https:\/\/www.youtube.com\/embed\/GTrdqThn470?wmode=transparent&autoplay=0\" width=\"600\" height=\"350\" allowfullscreen allow=\"autoplay; clipboard-write; encrypted-media; gyroscope; picture-in-picture;\"><\/iframe><\/div><\/div><\/div><\/div><\/div><\/div><\/div><\/p>\n","protected":false},"excerpt":{"rendered":"","protected":false},"author":1,"featured_media":0,"parent":0,"menu_order":0,"comment_status":"closed","ping_status":"closed","template":"","meta":{"footnotes":""},"class_list":["post-1950","page","type-page","status-publish","hentry"],"_links":{"self":[{"href":"https:\/\/guingamp-badminton.fr\/index.php\/wp-json\/wp\/v2\/pages\/1950","targetHints":{"allow":["GET"]}}],"collection":[{"href":"https:\/\/guingamp-badminton.fr\/index.php\/wp-json\/wp\/v2\/pages"}],"about":[{"href":"https:\/\/guingamp-badminton.fr\/index.php\/wp-json\/wp\/v2\/types\/page"}],"author":[{"embeddable":true,"href":"https:\/\/guingamp-badminton.fr\/index.php\/wp-json\/wp\/v2\/users\/1"}],"replies":[{"embeddable":true,"href":"https:\/\/guingamp-badminton.fr\/index.php\/wp-json\/wp\/v2\/comments?post=1950"}],"version-history":[{"count":20,"href":"https:\/\/guingamp-badminton.fr\/index.php\/wp-json\/wp\/v2\/pages\/1950\/revisions"}],"predecessor-version":[{"id":2601,"href":"https:\/\/guingamp-badminton.fr\/index.php\/wp-json\/wp\/v2\/pages\/1950\/revisions\/2601"}],"wp:attachment":[{"href":"https:\/\/guingamp-badminton.fr\/index.php\/wp-json\/wp\/v2\/media?parent=1950"}],"curies":[{"name":"wp","href":"https:\/\/api.w.org\/{rel}","templated":true}]}}